- -3516)).
-46
What is 149 - (46 + 0 + 1 - 42)?
144
What is 3 - 12 - (184 + -191 - (5 - 1))?
2
What is the value of 98 + (-711 - -656) + (27 - 1)?
69
Calculate (143 - (-4 + 134)) + -1 + (-3 - 0) - 77.
-68
1473 + -1491 - (-11 - 3 - (-2 - -1))
-5
Evaluate -1 + -32 + (43 - 46) + -1 + 7 + -4.
-34
Calculate 0 - (10 + -31 + 13) - (-2 + 7) - 70.
-67
What is 138 - 73 - (2 + 51) - (-50 - 0)?
62
-1 - (10 - 0) - ((-16 - -21 - 16) + -44)
44
Evaluate -64 + (4 - ((-18 - -14) + 16 - 23)).
-49
What is 80 - (4 - 2) - (-137 + 144)?
71
Evaluate (-16 - -1) + (-3 - 8 - 1).
-27
-1 + 29 + (-14 - 2) + -63 + -4
-55
Calculate (2 - 1 - -21) + (101 - 58 - (80 + -40)).
25
What is the value of (-9 - -5) + 9 + -22 + 19 + (-4 - 25)?
-27
What is the value of -48 + -32 + 64 + 2 + -5 + 0?
-19
-1 + 0 + 15 - (34972 - 34967)
9
Calculate (163 + -78 - 29) + -63.
-7
What is the value of 3 - (18 - (50 + -4 - 47 - (6 - 1)))?
-21
What is 31 + (61 - (-23 - -17 - -46))?
52
0 - 0 - (-80 + 149 - 61) - (106 + -2)
-112
-4 + 6 + -69 - (2922 - 2901)
-88
What is the value of -56 + 18 + (115 - 70)?
7
What is (31 - (24 + 37)) + -26?
-56
Evaluate -3 + 77 - (-4883 + 4882).
75
Evaluate -31 + (-119 - (-58 + -97)).
5
What is the value of -61 - -38 - (19 - (22 - -10))?
-10
What is (39 - 36) + 0 + -27 - -31?
7
What is (-9 + 38 - -3) + -21 - (-36 - -2)?
45
Calculate 7 + 68 + -2 - (0 + 20 + -5 + -12).
70
-67 + 4 - (15 + (2 - 5) + 5 + -5)
-75
What is -19 - (-1 - (-7 - -16)) - (12 - 36)?
15
What is the value of -1486 + 1577 + -134 + 7?
-36
Calculate -34 - (13 + 6) - ((2 - (4 - -3)) + 4).
-52
What is the value of (-1 - (3 + 15 + -15 - 8)) + 4?
8
Evaluate -28 - (32 + -61 + -31).
32
Calculate 1 + -28 + 74 + -69.
-22
13 + -161 + 221 - 64
9
Calculate (11 - (2 - -36)) + (-27 - 8 - -56).
-6
Evaluate 10 - (-3 - (-10 + 7) - 10).
20
What is -32 + 304 + -273 + (99 - 1 - -2)?
99
Evaluate -2251 + 2242 + (3 - 0 - 79).
-85
What is the value of 56 + -30 + (-19 + 12 - (-18 - 1))?
38
Calculate -9 - ((0 - 1) + -1 - (-10 + 20 + -27)).
-24
-7 + 1 + 17 + 15 + -17 + -84
-75
Calculate (37 - 2) + 133 + -118.
50
Evaluate 50 - ((-37 - -59) + 43).
-15
Calculate -39 - (38 + 9 + -57 + 45).
-74
What is -15 + (207 - 229 - (-96 + 3))?
56
What is -9 + 39 + 5 + (46 - 72)?
9
Calculate 253 + -232 + (6 + -3 - 5).
19
Evaluate -12 - -23 - (19 - (-4 + 5)) - -4.
-3
What is the value of (18 + 5 + -2 - (116 - 99)) + (-92 - 0)?
-88
Calculate -138 + 123 + (8 - 24) + 51.
20
(66 - 33) + (-39 - (-27 - -46))
-25
Evaluate ((-31 + 37 - 33) + 18 - (-79 - 1)) + -5.
66
Evaluate -14 - (-23 - (-40 + 19) - -126).
-138
What is the value of -16 - -21 - (-37 - (7 - 5))?
44
Calculate 439 - 447 - ((63 - (1 - 1)) + 0).
-71
What is 19 - ((3 - -38) + (-189 - -176))?
-9
-70 - (-20 - (24 + -2))
-28
Evaluate (-4 - -67) + (24 - (17 + 44 + -20)).
46
Calculate 0 + ((144 - 33) + -57 - (0 - 11)).
65
Calculate 23 - -1 - (-73 + -29 + 113).
13
(1443 - 1388) + (-50 - 1)
4
Evaluate 68 - 9 - -60 - 119.
0
What is the value of -13 + 13 + (0 - -16 - (-1 - -18))?
-1
What is 3 - (0 + 30) - (-184 - -227)?
-70
What is the value of 36 - 24 - 39 - -37 - -128?
138
Calculate ((-11 - -5) + 4 - (-33 + 29)) + -8.
-6
57 + -33 + (-15 - (92 - 31))
-52
-41 - ((-6 - -23) + -80)
22
Calculate -23 + (3 - (40 + -34)) - -45.
19
(12 - (-10 + -47)) + (-2 - (-1 - -1))
67
Calculate 30 + (-111 - -44) + 25 - 24.
-36
Evaluate (-77 - -6 - -7) + (-9 - (-27 + 0)).
-46
Evaluate -79 + 65 + 13 + -16 + -6 + -35.
-58
What is the value of -15 - 1 - (-1740 - -1781)?
-57
What is (-132 - -82) + (8 - -59)?
17
What is the value of 10 + -13 + (-7 - -7) - (15 + -2)?
-16
Evaluate 27 + (-1 - -1 - -2) - (-164 - -152).
41
Calculate (0 - -47) + (29 + -12 - 37 - (-27 - 1)).
55
3 + 93 + (2338 - 2402)
32
What is the value of 11 + (-80 - -40) - (-1 + -33)?
5
Evaluate (21 - 15) + -23 + (119 - -10).
112
What is the value of -21 + (11 - (12 - ((-21 - 2) + 2)))?
-43
Evaluate -1 + (58 + -6 - -5) - (396 - 384).
44
Calculate -3 + 3 - -1 - (0 + -8 - -7).
2
(-45 - 20) + (-7 + 7 - -5 - 3)
-63
What is the value of 1050 + -1059 + (1 - 8) + (1 - 47)?
-62
What is the value of -1 - -33 - ((-15 - -31 - 17) + 9)?
24
Evaluate 4 + 3 + -57 + -8 + (23 - 18).
-53
What is 1 + 0 - -20 - (1090 - 1095)?
26
What is -104 + -36 + 106 - (7 - 0)?
-41
Evaluate (-1 - 32) + 41 + (-13 - (2 - 3)) - -68.
64
What is 12 + -1 - (-3 + (17 + -15 - -24 - -38))?
-50
(6 - -1) + (-51 - -43) + (7 - 2) - 63
-59
What is (1 - -42) + (-7645 - -7559)?
-43
What is (-4 - 35) + 122 - 36?
47
Calculate -2 + (4 - 2) + (-12 - -10) + (-254 - -257).
1
Evaluate (-806 - -831) + (-4 + -8 + 4 - -2).
19
Calculate 1 - 5 - (32 - (-7 - -27)) - -12.
-4
7 + (-3 - 2) - -75 - (81 + -66)
62
80 + (-286 - -115) + 137
46
Evaluate (6 - 12 - (13 + -38)) + -35.
-16
What is 22 + (26 - (-95 + 46))?
97
What is 50 - ((-142 - -129) + (5 - 3) + 32)?
29
Calculate -6 + (29 - (5 + 1)) - (152 + -174).
39
Calculate 119 - (122 - 41) - 6.
32
Evaluate 8 + -1 + -2053 + 2067 + (1 - 41).
-19
What is (39 - 93) + (0 - 15) + (-88 - -96)?
-61
Evaluate (-17 - -5) + (25 - (-113 - 2)).
128
What is the value of -13 + (-72 - (19 + -32 + -8 + 10))?
-74
What is 17 + -4 - ((-8 - (12 - 34)) + -10) - 14?
-5
Evaluate 237 + (-127 - (-58 + 44)).
124
What is 17 - (-8 - ((59 - 18) + -14))?
52
What is -1 + -42 - (5236 + -5346)?
67
Evaluate 40 + -2 + (10 - (8 + 4) - -6).
42
What is 15 + 3 - (0 + -1 - (235 + -153))?
101
Calculate (-50 - -1) + 1270 + -1316.
-95
-60 - ((-51 - -53) + -63)
1
Calculate -1013 + 1064 - (19 + 1).
31
What is the value of (48 - (10 - -25)) + -37?
-24
Calculate (-14 - -4) + -6 + 107 + -116.
-25
Evaluate -68 + 60 + (19 - 3).
8
What is the value of (38 - (4 + -1 + 17)) + -55?
-37
What is -34 + 103 + -79 - -36?
26
Evaluate 10 - ((14 + (6 - 18) - 3) + -15).
26
Evaluate 62 + 102 + -69 + -74.
21
What is the value of -5 - (16 - (10 - 1)) - -3 - -58?
49
What is the value of 0 - 8 - 13 - (-5 - 44)?
28
What is 1644 + -1553 + -71 + -2?
18
71 - 58 - (-67 - -75 - (-7 + 1))
-1
What is the value of (15 + -313 - -109) + 99?
-90
Calculate -125 + (344 - (-56 + 173)).
102
What is the value of -3 + -3 - (90 - 68 - -45)?
-73
Evaluate 6 - (5 - -9) - (-5 + -7 + 12) - 10.
-18
What is the value of (-16 - (-1 + -5) - 8) + 13 + -94?
-99
Calculate 2 + -3 + 4 + 28 + -23.
8
Evaluate -52 + (102 - 57 - 6).
-13
What is (-1 + (-7 - 22) - 8) + (-120 - -126)?
-32
Evaluate (-1 - 5) + (9 + -1 - (64 + (-15 - 77))).
30
Calculate -61 - (-110 - (89 + -27)).
111
What is 33 + -99 + 27 + 31 - 16?
-24
Calculate 48 - (-15 - (-27 + 21) - -18).
39
What is the value of 7 - 32 - (-7 - -12) - -4?
-26
-4 - -105 - (-1119 - -1165)
55
Evaluate -78 + (185 - 105) + -2 + -1 + (-5 - -3).
-3
Calculate (-64 - (3 - 0 - 9)) + 31.
-27
Evaluate -65 - (-23 + (1 - -15) - 16).
-42
Calculate -8 - -2 - -60 - ((-9 + 12 - 14) + 6).
59
Calculate 5 - -7 - -24 - (0 + 12).
24
-4 - (-3 - -1) - 19 - -13
-8
What is the value of (112 - 39) + -18 + -8?
47
-116 - -55 - -164 - 22
81
Calculate -9 + 1 - (11655 - 11749).
86
Calculate (36 - 75 - (-26 + 89)) + 32.
-70
2 - 2 - -33 - (-27422 - -27408)
47
Evaluate (-5 - -1) + (493 - 558) + 1 + 9 - -1.
-58
Calculate 70 - 42 - (27 + (-5 - -7)).
-1
What is the value of (-1 - 45) + (-17 + 3 - 3 - (-99 + 94))?
-58
44 - ((25 - -59) + -57)
17
-11 + (-8 - (0 - -2)) + (35 - 72) + 37
-21
-91 - 4 - -8 - (-32 + (-21 - -37))
-71
Evaluate 146 + (-17 - (9 + 18 + (-60 - -16))).
146
(-12 + 12 - -20) + (10 - 7) + 9
32
19 - (-23 - 22) - (27 + -2)
39
Calculate (-2 - (42 - 1)) + 136 + -128.
-35
What is 2 - -148 - 122 - 53?
-25
Evaluate -9238 + 9218 - (28 - -1 - 1).
-48
Calculate -173 + 122 + (10 + -8 - 6).
-55
What is -17 + (52 - (12 - 20)) + (-5 - 1)?
37
Evaluate -6 + 147 + -2 - (0 - 1 - -6 - -5).
129
Evaluate 10 - ((2 + -36 + -3 - 2) + -6).
55
What is the value of 1 + 6 - (-32 + 50) - (0 + 2 + -58)?
45
Calculate -46 - (-211 - -33) - 41.
91
Calculate 7 - 1 - (224 + -207) - 21.
-32
Evaluate -24 - 9 - (15 + 0 - 12).
-36
Calculate (610 - 602) + 1 + (-5 + 1 - -31).
36
Evaluate 13 - (-1 - -7) - -94 - (-574 - -574).
101
What is -8 + -4 + (4 - (-11 + 1)) + -1 + 30?
31
What is 46 - (1 - (1 - 2)) - (8 + -29 + 31)?
34
(86 - 104) + 71 + -10
43
What is the value of -157 + 109 - ((-13 - -11) + 0)?
-46
What is 3 - (35 + 11 + -19 + (-13 - -25))?
-36
Evaluate -311 - (-370 - -193) - (-1 + -34).
-99
What is 